77640881?
True
Does 2199 divide 61979563?
False
Is 198 a factor of 14232570?
False
Does 28 divide 138112520?
True
Is 112 a factor of 4257125040?
True
Is 106 a factor of 24976220?
False
Does 805 divide 16071020?
True
Does 22 divide 1240052748?
True
Is 46603842 a multiple of 502?
False
Is 618 a factor of 166807735?
False
Does 39 divide 2231307?
True
Is 62720156 a multiple of 116?
True
Is 136394922 a multiple of 237?
True
Does 9 divide 13780091?
False
Is 10 a factor of 3493805112?
False
Does 12 divide 46980300?
True
Is 507 a factor of 83692209?
False
Does 8 divide 51248688?
True
Is 3174 a factor of 129921342?
True
Is 7620847 a multiple of 1011?
False
Is 3 a factor of 12912317?
False
Is 2292 a factor of 1281308220?
True
Does 2611 divide 1733046028?
True
Does 35 divide 879296355?
True
Does 1215 divide 65266155?
True
Does 2878 divide 199756224?
True
Is 4150241445 a multiple of 10013?
False
Does 1320 divide 136566636?
False
Is 601773 a multiple of 3?
True
Does 11 divide 4159606970?
False
Does 143 divide 46480148?
True
Is 681 a factor of 230276745?
True
Is 412896000 a multiple of 354?
False
Is 87 a factor of 172098006?
True
Is 2171444684 a multiple of 18?
False
Is 95 a factor of 10794470?
True
Does 4224 divide 2565218304?
True
Does 181 divide 387679388?
False
Is 1020 a factor of 55621817?
False
Is 650 a factor of 2394665193?
False
Is 60 a factor of 49847820?
True
Is 24604784 a multiple of 36?
False
Does 168 divide 412755672?
True
Is 474 a factor of 19179898?
False
Does 13 divide 444576840?
False
Is 212 a factor of 22851268?
True
Does 2283 divide 1121008617?
False
Is 31 a factor of 77574679?
True
Is 93137492 a multiple of 34?
True
Does 257 divide 162542220?
True
Is 4368940 a multiple of 2606?
False
Is 818807640 a multiple of 5315?
True
Does 34 divide 352320926?
False
Does 11 divide 28550751?
False
Is 14 a factor of 33560520?
True
Is 145 a factor of 16712205?
False
Is 12151444 a multiple of 10?
False
Is 363 a factor of 50914017?
True
Does 6 divide 43221277?
False
Is 45 a factor of 58385655?
True
Is 129 a factor of 27992788?
False
Does 872 divide 20180696?
True
Is 23 a factor of 47581865?
False
Is 62774624 a multiple of 7?
False
Does 3040 divide 175784674?
False
Is 222103714 a multiple of 1306?
False
Is 448 a factor of 163228644?
False
Does 51 divide 187137437?
False
Is 299034291 a multiple of 2117?
False
Is 8 a factor of 4612952?
True
Is 23 a factor of 890882?
True
Is 20 a factor of 206479800?
True
Is 21 a factor of 324076074?
True
Is 99657464 a multiple of 1753?
False
Does 2184 divide 73171301?
False
Is 630 a factor of 6547731?
False
Is 244397541 a multiple of 409?
True
Does 27 divide 197626068?
True
Is 50 a factor of 130344200?
True
Does 9 divide 5113143?
True
Is 67650799 a multiple of 24?
False
Is 34 a factor of 117384512?
False
Is 524253962 a multiple of 74?
True
Is 12 a factor of 6675216?
True
Is 1298 a factor of 58734398?
False
Is 1762514656 a multiple of 1256?
True
Is 124147188 a multiple of 31?
True
Is 1891 a factor of 68166742?
False
Does 7 divide 32596237?
False
Is 137 a factor of 420473573?
False
Does 23 divide 2371462?
False
Is 113 a factor of 24177649?
False
Is 77062059 a multiple of 164?
False
Does 5640 divide 2836920?
True
Is 410355647 a multiple of 100?
False
Is 671 a factor of 1357774539?
True
Is 95184845 a multiple of 40?
False
Is 1781759104 a multiple of 2607?
False
Does 167 divide 203526574?
True
Does 14 divide 6545061?
False
Does 84 divide 1164324?
True
Is 250083860 a multiple of 8?
False
Is 21 a factor of 26484213?
True
Does 53 divide 165157169?
True
Is 520200200 a multiple of 2392?
True
Is 703239204 a multiple of 17?
True
Is 49 a factor of 1531712374?
False
Is 33 a factor of 18463368?
True
Is 176 a factor of 771698806?
False
Does 20 divide 86244650?
False
Is 28 a factor of 4716544?
True
Does 189 divide 3955292964?
True
Is 348308615 a multiple of 3069?
False
Is 1002323119 a multiple of 20?
False
Is 10200116 a multiple of 3826?
True
Is 117 a factor of 9891414?
True
Does 14 divide 233735928?
False
Does 31 divide 5984888347?
False
Does 4024 divide 431018688?
True
Does 1508 divide 76546619?
False
Does 134 divide 206302005?
False
Does 212 divide 686312879?
False
Does 251 divide 128576256?
True
Does 697 divide 406714175?
False
Does 6475 divide 332747928?
False
Is 25039065 a multiple of 73?
False
Is 281 a factor of 150204662?
False
Is 2121225008 a multiple of 706?
True
Is 187 a factor of 32146796?
True
Does 734 divide 174189210?
True
Does 2267 divide 540619078?
False
Is 98744030 a multiple of 1606?
False
Is 93 a factor of 213018546?
True
Is 213263704 a multiple of 7?
False
Does 1063 divide 682900964?
True
Is 320617440 a multiple of 352?
True
Does 2 divide 50189812?
True
Does 60 divide 177346145?
False
Is 49859640 a multiple of 1556?
False
Is 50 a factor of 416104300?
True
Is 78 a factor of 2066878398?
True
Does 110 divide 40925390?
True
Is 94638975 a multiple of 1545?
True
Is 32509675 a multiple of 5?
True
Is 2642 a factor of 644484196?
True
Is 125881402 a multiple of 4781?
False
Does 464 divide 11963634?
False
Is 20518322 a multiple of 224?
False
Is 1774 a factor of 595519382?
True
Does 617 divide 75913212?
True
Does 112 divide 557062800?
True
Is 31 a factor of 5748423?
True
Does 262 divide 13599134?
False
Is 91308332 a multiple of 365?
False
Does 2200 divide 281048031?
False
Does 122 divide 343157086?
True
Is 1304787681 a multiple of 7?
False
Is 24 a factor of 54999749?
False
Is 51429839 a multiple of 1555?
False
Is 283 a factor of 140026985?
True
Is 1233 a factor of 27300781?
False
Is 379270591 a multiple of 170?
False
Is 18 a factor of 16119324?
True
Is 908329761 a multiple of 608?
False
Is 141380994 a multiple of 2?
True
Does 1193 divide 66661261?
True
Does 937 divide 1209062635?
True
Does 15 divide 7777011?
False
Is 32 a factor of 123445632?
True
Is 104 a factor of 238738725?
False
Is 123 a factor of 549047277?
True
Is 44254246 a multiple of 9?
False
Is 113496112 a multiple of 38?
False
Does 25 divide 91078121?
False
Does 150 divide 467825928?
False
Is 320170653 a multiple of 95?
False
Is 204 a factor of 220482384?
True
Does 1511 divide 9571242?
False
Is 124 a factor of 62170004?
True
Is 27 a factor of 195928425?
False
Does 324 divide 350186940?
False
Is 1840456 a multiple of 137?
False
Is 1517 a factor of 189480540?
False
Is 2 a factor of 16411058?
True
Does 65 divide 78557719?
False
Does 656 divide 80499072?
True
Is 833 a factor of 103537939?
False
Does 195 divide 29834750?
False
Does 257 divide 5214016?
True
Is 27 a factor of 178264852?
False
Does 7 divide 4433989?
True
Is 755263422 a multiple of 1434?
True
Does 435 divide 95738715?
True
Does 16 divide 987066778?
False
Does 4466 divide 307426042?
True
Is 586461429 a multiple of 1311?
True
Does 2 divide 13135852?
True
Does 571 divide 66454756?
False
Is 3702437669 a multiple of 13?
False
Is 121277666 a multiple of 14?
False
Is 130792944 a multiple of 977?
True
Is 40547080 a multiple of 5663?
True
Is 33253713 a multiple of 139?
False
Is 96 a factor of 652074528?
True
Is 20 a factor of 24969080?
True
Is 105 a factor of 228310880?
False
Does 21 divide 51048627?
True
Is 3090 a factor of 434914410?
True
Is 1779 a factor of 589430733?
True
Is 157871810 a multiple of 243?
False
Is 25168930 a multiple of 116?
False
Is 27517995 a multiple of 896?
False
Is 44934864 a multiple of 39?
True
Is 60642825 a multiple of 24?
False
Is 101938770 a multiple of 174?
True
Is 1415 a factor of 8956950?
True
Is 1589517480 a multiple of 4276?
True
Does 14 divide 209545980?
True
Is 21 a factor of 548797935?
True
Does 636 divide 14854416?
True
Does 9 divide 31666896?
True
Is 9228477 a multiple of 641?
True
Does 66 divide 2615904?
False
Is 3648459840 a multiple of 580?
True
Is 704 a factor of 57184242?
False
Does 480 divide 101572845?
False
Does 2301 divide 571589109?
True
Is 8694024 a multiple of 103?
True
Is 566315472 a multiple of 5892?
True
Does 8676 divide 1414196676?
True
Is 1105290925 a multiple of 2039?
True
Is 11254100 a multiple of 1574?
True
Does 1637 divide 9874327?
False
Does 379 divide 1505680588?
True
Does 11 divide 175152043?
True
Is 133 a factor of 69214530?
True
Is 7323 a factor of 420038334?
False
Does 27 divide 22755366?
False
Is 143920512 a multiple of 144?
True
Does 8 divide 21624624?